37754
In base 8, what is -24 - 4567?
-4613
In base 7, what is 11112303 - -4?
11112310
In base 2, what is -11 + 1010110010110000?
1010110010101101
In base 11, what is -27195 - 4?
-27199
In base 14, what is -227b1 - -5?
-227aa
In base 12, what is -4 + -2a9?
-2b1
In base 4, what is -121100 - -101101?
-13333
In base 2, what is 10100 - 101100010001?
-101011111101
In base 11, what is -43266 + 1?
-43265
In base 5, what is -102004 - -114?
-101340
In base 9, what is 15 + 3276?
3302
In base 16, what is -36a3 - -7?
-369c
In base 3, what is 10010 + -110001?
-22221
In base 2, what is -10001000000 + -101011?
-10001101011
In base 7, what is 34564665 + -3?
34564662
In base 7, what is 131 + 113?
244
In base 10, what is -2 + -372260?
-372262
In base 9, what is -7805 - 3?
-7808
In base 2, what is -111010 + 1110010?
111000
In base 2, what is 10111010100 - -10001?
10111100101
In base 14, what is -2c3db - -3?
-2c3d8
In base 7, what is -11405 - -64?
-11311
In base 5, what is -24343 - -1340?
-23003
In base 16, what is 205d + a9?
2106
In base 11, what is -5 - -a293?
a289
In base 8, what is 4105 + 2?
4107
In base 7, what is 1116 - 14245?
-13126
In base 8, what is 4 + -3015403?
-3015377
In base 6, what is 1551 + 2?
1553
In base 9, what is 1660 - 736?
823
In base 6, what is 1203 - -35?
1242
In base 12, what is 102b630 + 2?
102b632
In base 5, what is 0 - -2044341?
2044341
In base 9, what is 375 - -8134?
8520
In base 16, what is -2 + -340e?
-3410
In base 16, what is -16 + 4d08?
4cf2
In base 11, what is -4 + 5138?
5134
In base 16, what is dc6 + -1b?
dab
In base 10, what is 2399 + -655?
1744
In base 14, what is -13 - -1842?
182d
In base 14, what is 99 + 319?
3b4
In base 13, what is 3 - 68cb?
-68c8
In base 10, what is 151 + 7234?
7385
In base 7, what is 3444204 + 5?
3444212
In base 9, what is 3 - 36131?
-36127
In base 6, what is 3 + -211105?
-211102
In base 4, what is 1032 - -122021?
123113
In base 3, what is -1112210 - -2?
-1112201
In base 16, what is -5bc4 + -5?
-5bc9
In base 15, what is -c + 4c6?
4b9
In base 12, what is -4 + 60ab?
60a7
In base 14, what is 18819 + 6?
18821
In base 11, what is 9879a - -3?
987a2
In base 5, what is -2013414 + 200?
-2013214
In base 11, what is -11 + 3a9a?
3a89
In base 5, what is 4 + 24143101?
24143110
In base 9, what is -481 - 7?
-488
In base 2, what is -1001100101000 - -110101?
-1001011110011
In base 6, what is 120 - -1412?
1532
In base 12, what is -20a84 - 4?
-20a88
In base 10, what is -12 - -145507?
145495
In base 9, what is -546 + -587?
-1244
In base 11, what is 3009 + 0?
3009
In base 3, what is -2 - 101120000120?
-101120000122
In base 14, what is 27 + 1291?
12b8
In base 7, what is 526645 + 3?
526651
In base 3, what is -11 - 100210020?
-100210101
In base 15, what is 677 + -304?
373
In base 5, what is -13 - 32220?
-32233
In base 6, what is 124 - -12105?
12233
In base 8, what is 56 - 1572?
-1514
In base 10, what is -5 + 8929?
8924
In base 2, what is 1111101 + -1000111101110?
-1000101110001
In base 8, what is 440272 + 0?
440272
In base 7, what is -2206 - 2166?
-4405
In base 15, what is 7 - 336?
-32e
In base 5, what is -43 - -34331?
34233
In base 14, what is 7787 - 27?
7760
In base 15, what is -b + d57?
d4b
In base 5, what is -21 - 244124?
-244200
In base 16, what is -e + -4f5?
-503
In base 4, what is -33220 - -33002?
-212
In base 13, what is 53271 + -5?
53269
In base 2, what is 101 - 100000001111010011?
-100000001111001110
In base 4, what is 10133030 - 10?
10133020
In base 7, what is 303612 - -15?
303630
In base 5, what is -14124 + -4244?
-23423
In base 4, what is -102 + 2323300?
2323132
In base 7, what is -1 - 21560213?
-21560214
In base 4, what is 1001 + 21203?
22210
In base 16, what is 1 - a6c2?
-a6c1
In base 8, what is 222 - 110?
112
In base 12, what is 21 - -266?
287
In base 7, what is 1001453 - 0?
1001453
In base 10, what is -710155 + -5?
-710160
In base 13, what is -36c61 + -a?
-36c6b
In base 15, what is 3e9 - be?
32a
In base 2, what is 110110 + -111111111?
-111001001
In base 14, what is 54b + 11?
55c
In base 9, what is 163 - -4528?
4702
In base 15, what is -2 - 5a82c?
-5a82e
In base 9, what is -34 + -3143?
-3177
In base 9, what is -1 + -216444?
-216445
In base 13, what is -7742 + 277?
-7498
In base 3, what is 1222010101011 + 21?
1222010101102
In base 14, what is -5ad4b - -9?
-5ad42
In base 16, what is 4f8e - 0?
4f8e
In base 4, what is -102 - 32330?
-33032
In base 5, what is -2 - -3140133?
3140131
In base 3, what is 122 - 11000121122?
-11000121000
In base 14, what is -471 - 1b?
-48c
In base 3, what is -2220 - 110?
-10100
In base 9, what is -16 + 670?
653
In base 2, what is 0 + -10101100100100?
-10101100100100
In base 5, what is -2 + -331321?
-331323
In base 13, what is -3b3365 + 1?
-3b3364
In base 12, what is -5 - 110a?
-1113
In base 5, what is 21 + -334021?
-334000
In base 14, what is c - 6b1a?
-6b0c
In base 5, what is 10 - -3312411?
3312421
In base 14, what is -d + -3cad?
-3cbc
In base 2, what is 1000101 + 111?
1001100
In base 15, what is -1e - 8a64?
-8a83
In base 9, what is -26431 + 13?
-26417
In base 7, what is 21562 + -145?
21414
In base 5, what is -1002432444 + -10?
-1002433004
In base 10, what is 526 - -43?
569
In base 9, what is 4 + -8074?
-8070
In base 16, what is 77da - -9?
77e3
In base 5, what is 31 + -22040?
-22004
In base 13, what is -52b136 - -3?
-52b133
In base 2, what is 11110101011100110 + 0?
11110101011100110
In base 5, what is -2021 + -103?
-2124
In base 13, what is 2 + 2601?
2603
In base 9, what is 5341460 - 3?
5341456
In base 10, what is -461 - 5356?
-5817
In base 14, what is -35 - 3?
-38
In base 2, what is 0 - 1100110111010001?
-1100110111010001
In base 4, what is 22 - 11201030?
-11201002
In base 10, what is -1 + -376774?
-376775
In base 8, what is -207602 - 2?
-207604
In base 7, what is -5031 - 1562?
-6623
In base 7, what is 102 - 225?
-123
In base 13, what is -c93064 - 4?
-c93068
In base 10, what is -19329 - -34?
-19295
In base 2, what is -1001 + 1100000011001000?
1100000010111111
In base 9, what is 1583 - 10?
1573
In base 3, what is -2202100 + -11220?
-2221020
In base 14, what is c3 + -1d0?
-10b
In base 12, what is -1 + -7473?
-7474
In base 11, what is -40342 + 4?
-40339
In base 2, what is -11010 - 11110100110?
-11111000000
In base 8, what is 2435 - -244?
2701
In base 10, what is 2672 + 13?
2685
In base 2, what is -110100000010 - 1100011000?
-1000000011010
In base 11, what is 4559 - 10?
4549
In base 9, what is -110 - -3801?
3681
In base 2, what is 10110000101000110 - -101?
10110000101001011
In base 4, what is -31323 - 101?
-32030
In base 5, what is 1 + -3143131?
-3143130
In base 7, what is -313211 + 5?
-313203
In base 5, what is -111 + -31433?
-32044
In base 16, what is 2734 - 34?
2700
In base 13, what is -109 + a?
-cc
In base 12, what is -49 - 7948?
-7995
In base 13, what is 13 - -327c?
3292
In base 13, what is 2a29 - -b?
2a37
In base 9, what is -103 + 347?
244
In base 10, what is 485 + -64?
421
In base 9, what is -567 + -1321?
-1888
In base 5, what is -340 + -1411?
-2301
In base 14, what is d332 - 2?
d330
In base 5, what is 1 + -230133?
-230132
In base 10, what is -195 - -523?
328
In base 13, what is 13 - -1386c?
13882
In base 14, what is -17 + ac0b?
abd4
In base 15, what is -4 - -246c?
2468
In base 4, what is -1 - -20210302?
20210301
In base 5, what is 1 + -12410120?
-12410114
In base 12, what is -1b17a07 - 1?
-1b17a08
In base 9, what is 7266 + -75?
7181
In base 11, what is a321 + -1?
a320
In base 8, what is 3 - -35706?
35711
In base 15, what is -3 + -2d85?
-2d88
In base 15, what is 6ebd - -5a?
7028
In base 7, what is -5 - 150225?
-150233
In base 14, what is 818 + -18?
800
In base 10, what is 2 - -128920?
128922
In base 13, what is 181a + -5a?
1790
In base 14, what is -291c + 1c?
-2900
In base 10, what is 4 + -5688?
-5684
In base 7, what is -6 + -34535?
-34544
In base 2, what is -100 - -10010110100000111?
10010110100000011
In base 12, what is 714 + 714?
1228
In base 2, what is -101 - -101001100110000?
101001100101011
In base 16, what is -4 - 7966?
-796a
In base 5, what is 31034 - 340?
30144
In base 12, what is 10ab1a + -3?
10ab17
In base 12, what is 601 + -a?
5b3
In base 13, what is -378bb - -2?
-378b9
In base 2, what is -110 + 11100011001110000?
11100011001101010
In base 13, what is 1359c2 - -1?
1359c3
